{"id":31,"date":"2018-07-04T16:08:44","date_gmt":"2018-07-04T14:08:44","guid":{"rendered":"http:\/\/fgriot.net\/herbe\/?page_id=31"},"modified":"2021-10-06T15:44:56","modified_gmt":"2021-10-06T13:44:56","slug":"le-livre","status":"publish","type":"page","link":"http:\/\/fgriot.net\/herbe\/le-livre\/","title":{"rendered":"le livre"},"content":{"rendered":"<h4><em>enfin tu regardes l\u2019herbe<\/em><\/h4>\n<p>&nbsp;<\/p>\n<p><em>200 textes-chants<br \/>\n<\/em><em><a href=\"https:\/\/www.publie.net\/livre\/enfin-tu-regardes-lherbe-fred-griot\/\" target=\"_blank\" rel=\"noopener noreferrer\">\u00e9ditions publie.net<\/a><\/em><\/p>\n<p><span style=\"color: #808080; font-size: 10pt;\">(272 pages, livre et disque, papier et num\u00e9rique)<\/span><\/p>\n<p><strong><a class=\"maxbutton-10 maxbutton maxbutton-achat-livre\" target=\"_blank\" rel=\"noopener\" href=\"https:\/\/www.publie.net\/livre\/enfin-tu-regardes-lherbe-fred-griot\/\"><span class='mb-text'>ACHAT<\/span><\/a><\/strong><\/p>\n<p><a href=\"https:\/\/www.publie.net\/livre\/enfin-tu-regardes-lherbe-fred-griot\/\" target=\"_blank\" rel=\"noopener noreferrer\"><img loading=\"lazy\" decoding=\"async\" class=\"alignnone wp-image-754\" src=\"http:\/\/fgriot.net\/herbe\/wp-content\/uploads\/2021\/05\/Griot_herbe-cov-double-300x227.jpg\" alt=\"Griot - enfin tu regardes l'herbe - Livre + CD\" width=\"674\" height=\"510\" srcset=\"http:\/\/fgriot.net\/herbe\/wp-content\/uploads\/2021\/05\/Griot_herbe-cov-double-300x227.jpg 300w, http:\/\/fgriot.net\/herbe\/wp-content\/uploads\/2021\/05\/Griot_herbe-cov-double-1024x776.jpg 1024w, http:\/\/fgriot.net\/herbe\/wp-content\/uploads\/2021\/05\/Griot_herbe-cov-double-768x582.jpg 768w, http:\/\/fgriot.net\/herbe\/wp-content\/uploads\/2021\/05\/Griot_herbe-cov-double-1536x1164.jpg 1536w, http:\/\/fgriot.net\/herbe\/wp-content\/uploads\/2021\/05\/Griot_herbe-cov-double-150x114.jpg 150w, http:\/\/fgriot.net\/herbe\/wp-content\/uploads\/2021\/05\/Griot_herbe-cov-double.jpg 2046w\" sizes=\"(max-width: 674px) 100vw, 674px\" \/><\/a><\/p>\n<p><a href=\"http:\/\/fgriot.net\/herbe\/wp-content\/uploads\/2018\/07\/griot_bureau_sur_herbe1.jpg\"><img loading=\"lazy\" decoding=\"async\" class=\"alignnone wp-image-95\" src=\"http:\/\/fgriot.net\/herbe\/wp-content\/uploads\/2018\/07\/griot_bureau_sur_herbe1-300x225.jpg\" alt=\"\" width=\"672\" height=\"505\" srcset=\"http:\/\/fgriot.net\/herbe\/wp-content\/uploads\/2018\/07\/griot_bureau_sur_herbe1-300x225.jpg 300w, http:\/\/fgriot.net\/herbe\/wp-content\/uploads\/2018\/07\/griot_bureau_sur_herbe1-768x576.jpg 768w, http:\/\/fgriot.net\/herbe\/wp-content\/uploads\/2018\/07\/griot_bureau_sur_herbe1-150x113.jpg 150w, http:\/\/fgriot.net\/herbe\/wp-content\/uploads\/2018\/07\/griot_bureau_sur_herbe1.jpg 960w\" sizes=\"(max-width: 672px) 100vw, 672px\" \/><\/a><\/p>\n<p>&nbsp;<\/p>\n<p>tu regardes l\u2019herbe<br \/>\nplein d\u2019amour ami<\/p>\n<p>couch\u00e9 sous le ciel les \u00e9toiles<br \/>\nle vent t\u2019a emport\u00e9 ami<\/p>\n<p>et tu regardes l\u2019herbe<br \/>\nle vaste alpage du ciel<br \/>\n\u00e9tendu sur la terre<br \/>\ntoi comme le ciel \u00e9tendu<br \/>\nnappe qui nous berce amour<br \/>\nque tu nous as laiss\u00e9.<\/p>\n<p>et toi toi tu regardes l\u2019herbe<br \/>\nallong\u00e9<br \/>\nsur la terre le ciel<br \/>\net tout l\u2019amour que tu as donn\u00e9<br \/>\nmaintenant<br \/>\nnous le convoyons.<\/p>\n<p>\u2022\u2022\u2022<\/p>\n<p>le chemin prenait presque droit dans les herbes.<br \/>\nune ligne nette.<br \/>\nondulante.<br \/>\net ton dos l\u00e0<br \/>\nqui partait.<\/p>\n<p>ami<br \/>\nt\u2019es parti dans les herbes<br \/>\net nous sommes l\u00e0<br \/>\n\u00e0 te regarder<br \/>\nfiler<br \/>\ntracer<br \/>\nta silhouette diminu\u00e9e<br \/>\nestomp\u00e9e.<br \/>\nmais<br \/>\nc\u2019est l\u00e0 que subsiste<br \/>\ns\u2019imprime<br \/>\nce halo de pr\u00e9sence<br \/>\nsur l\u2019air<br \/>\nami.<\/p>\n<p>et puis<br \/>\nce putain de jour d\u2019octobre<br \/>\no\u00f9 ce fut le silence<br \/>\nce jour d\u2019octobre<br \/>\no\u00f9 t\u2019a ferm\u00e9 les yeux<br \/>\nbouche close soudain<br \/>\no\u00f9 ton c\u0153ur a p\u00e9t\u00e9<br \/>\nd\u2019un coup subit soudain<br \/>\n\u00e9claboussant<br \/>\ngerbes et nuages d\u2019amour.<br \/>\nil avait boss\u00e9 dur le coco<br \/>\nbien pomp\u00e9 l\u2019excitation<br \/>\ndu monde<br \/>\ncapt\u00e9<br \/>\nl\u2019affection<br \/>\naspir\u00e9<br \/>\nla vision<br \/>\nfaut dire<br \/>\nami.<br \/>\ntu as eu raison de foncer autant<br \/>\ntu aurais pu partir avant.<\/p>\n<p>ami<br \/>\nce putain de jour d\u2019octobre<br \/>\no\u00f9 t\u2019as fil\u00e9 dissous dans l\u2019espace<br \/>\no\u00f9 t\u2019es retourn\u00e9 \u00e0 la grande soupe<br \/>\naux arbres aux plantes<br \/>\nlaissant ta chair ta viande tes os<br \/>\nqui t\u2019avaient tant grignot\u00e9 les nerfs<br \/>\nnourrir la terre<br \/>\nlaissant ton chant<br \/>\nfertiliser filer s\u2019\u00e9chapper clair<br \/>\nami.<\/p>\n<p>\u2022\u2022\u2022<\/p>\n<p>aujourd\u2019hui passe<br \/>\net voici que tu regardes l\u2019herbe<\/p>\n<p>aujourd\u2019hui vois-tu<br \/>\nil fait froid<br \/>\nhumide<br \/>\nsans toi<br \/>\nsur la terre<br \/>\net \u00e7a transperce<br \/>\net les pelures<br \/>\nne suffisent plus<br \/>\n\u00e0 soigner<br \/>\nnos \u00e9lans<br \/>\nnos besoins<br \/>\nde consolation.<\/p>\n<p>et voil\u00e0 ami<br \/>\naujourd\u2019hui passe<br \/>\naujourd\u2019hui passe plein<\/p>\n<p>et nous savons ami que<br \/>\nla joie est un choix.<\/p>\n<p>\u2022\u2022\u2022<\/p>\n<p>et puis et puis<br \/>\nnous irons encore dans le sud<br \/>\nau bord de la mer<br \/>\no\u00f9 la pierre br\u00fble<br \/>\net nous mangerons des past\u00e8ques<br \/>\nen regardant la lumi\u00e8re de face<\/p>\n<p>nous plongerons<br \/>\ndans l\u2019eau des lacs bien froids<br \/>\nsous l\u2019orage qui se pointe<br \/>\nnoir comme une nuit<br \/>\nclaquant sur la surface.<br \/>\nle bruit le vent fonceront<br \/>\nfouetteront<br \/>\nl&rsquo;onde de son<br \/>\nclaquant l&rsquo;onde de houle.<br \/>\nflac !<\/p>\n<p>et puis<br \/>\net puis<br \/>\nl\u2019arc-en-ciel triple aussi<br \/>\ndevant derri\u00e8re tout autour<br \/>\nsur les pentes.<br \/>\net nous sortirons<br \/>\nd\u00e9goulinant de lac<br \/>\n\u00e9clate de rire<br \/>\nfouette de sang<br \/>\nclap de paluches sur cuisses<br \/>\nfiers de nos conneries de gosses.<\/p>\n<p>juste avant que les arbres<br \/>\nne commencent \u00e0 s\u2019abattre<br \/>\ndans l\u2019ombre du vent.<\/p>\n<p>et puis<br \/>\nnous camperons sur des terrasses<br \/>\nde nuit ti\u00e8de<br \/>\nnous tchatcherons jusqu\u2019\u00e0 plus soif<br \/>\nboirons jusqu\u2019\u00e0 plus sec<br \/>\n\u00e0 rire.<br \/>\nnous brulerons l\u2019affection<br \/>\ncomme une flamme<br \/>\nau milieu de nous<br \/>\nnous brulerons<br \/>\ncar nous voulons la paix<br \/>\nmais aussi l\u2019\u00e9lan et le risque<br \/>\nsinon morts morts tout \u00e0 fait<br \/>\nmorts pour de vrai<br \/>\nami.<\/p>\n<p>et c\u2019est ainsi qu\u2019<br \/>\naujourd\u2019hui passe<\/p>\n<p>\u2022\u2022\u2022<\/p>\n<p>et puis<br \/>\nau soir<br \/>\ncrev\u00e9<br \/>\ns\u2019allonger dans l\u2019herbe<br \/>\nle soleil dans les yeux<br \/>\net regarder<br \/>\ntoutes choses tourner.<\/p>\n<p>les choses passent<br \/>\ntoutes choses<br \/>\net on se demande\u2026<\/p>\n<p>mais rien ne sert<br \/>\nde se demander<br \/>\nles choses<br \/>\ncouleront<br \/>\ntout de m\u00eame<br \/>\nainsi.<\/p>\n<p>elles sont d\u00e9j\u00e0 l\u00e0.<\/p>\n<p>\u2022\u2022\u2022<\/p>\n<p>ami ami<br \/>\nenfin tu regardes l\u2019herbe.<\/p>\n<p>&nbsp;<\/p>\n<hr \/>\n<p class=\"txt_default13px_ital\" style=\"text-align: left;\"><span class=\"txt_default13px\"><a class=\"linkdefaultclair\" href=\"https:\/\/remue.net\/fred-griot-trucs-et-traces\" target=\"_blank\" rel=\"noopener noreferrer\">&gt; autres textes-chants extraits du livre<\/a><\/span><\/p>\n<p style=\"text-align: left;\"><a href=\"http:\/\/www.fgriot.net\">&gt; le site de Fred Griot<\/a><\/p>\n<p><img loading=\"lazy\" decoding=\"async\" class=\" wp-image-820\" src=\"http:\/\/fgriot.net\/herbe\/wp-content\/uploads\/2021\/10\/livre-diisque_I.jpg\" alt=\"\" width=\"551\" height=\"551\" srcset=\"http:\/\/fgriot.net\/herbe\/wp-content\/uploads\/2021\/10\/livre-diisque_I.jpg 1520w, http:\/\/fgriot.net\/herbe\/wp-content\/uploads\/2021\/10\/livre-diisque_I-300x300.jpg 300w, http:\/\/fgriot.net\/herbe\/wp-content\/uploads\/2021\/10\/livre-diisque_I-1024x1024.jpg 1024w, http:\/\/fgriot.net\/herbe\/wp-content\/uploads\/2021\/10\/livre-diisque_I-150x150.jpg 150w, http:\/\/fgriot.net\/herbe\/wp-content\/uploads\/2021\/10\/livre-diisque_I-768x768.jpg 768w\" sizes=\"(max-width: 551px) 100vw, 551px\" \/><\/p>\n<p style=\"text-align: left;\"><a href=\"http:\/\/fgriot.net\/herbe\/wp-content\/uploads\/2018\/07\/griot_bureau_sur_herbe2.jpg\"><img loading=\"lazy\" decoding=\"async\" class=\"alignnone wp-image-96\" src=\"http:\/\/fgriot.net\/herbe\/wp-content\/uploads\/2018\/07\/griot_bureau_sur_herbe2-300x225.jpg\" alt=\"\" width=\"548\" height=\"411\" srcset=\"http:\/\/fgriot.net\/herbe\/wp-content\/uploads\/2018\/07\/griot_bureau_sur_herbe2-300x225.jpg 300w, http:\/\/fgriot.net\/herbe\/wp-content\/uploads\/2018\/07\/griot_bureau_sur_herbe2-768x576.jpg 768w, http:\/\/fgriot.net\/herbe\/wp-content\/uploads\/2018\/07\/griot_bureau_sur_herbe2-150x113.jpg 150w, http:\/\/fgriot.net\/herbe\/wp-content\/uploads\/2018\/07\/griot_bureau_sur_herbe2.jpg 960w\" sizes=\"(max-width: 548px) 100vw, 548px\" \/><\/a><\/p>\n<p style=\"text-align: left;\"><span style=\"font-size: 10pt;\"><em>(la premi\u00e8re partie de ce recueil a \u00e9t\u00e9 \u00e9crit dans le cadre d&rsquo;une r\u00e9sidence d&rsquo;auteur R\u00e9gion \u00cele-de-France en 2017, au sein du r\u00e9seau des biblioth\u00e8ques de Marne et Gondoire, et au parc culturel de Rentilly en particulier, puis \u00e0 la Maison de la Po\u00e9sie de Normandie.)<\/em><\/span><\/p>\n<p>&nbsp;<\/p>\n","protected":false},"excerpt":{"rendered":"<p>enfin tu regardes l\u2019herbe &nbsp; 200 textes-chants \u00e9ditions publie.net (272 pages, livre et disque, papier et num\u00e9rique) &nbsp; tu regardes l\u2019herbe plein d\u2019amour ami couch\u00e9 sous le ciel les \u00e9toiles le vent t\u2019a emport\u00e9 ami et tu regardes l\u2019herbe le vaste alpage du ciel \u00e9tendu sur la terre toi comme\u2026<\/p>\n<p class=\"continue-reading-button\"> <a class=\"continue-reading-link\" href=\"http:\/\/fgriot.net\/herbe\/le-livre\/\">Lire la suite&#8230;<i class=\"crycon-right-dir\"><\/i><\/a><\/p>\n","protected":false},"author":1,"featured_media":755,"parent":0,"menu_order":0,"comment_status":"closed","ping_status":"closed","template":"","meta":{"jetpack_post_was_ever_published":false,"footnotes":""},"class_list":["post-31","page","type-page","status-publish","has-post-thumbnail","hentry"],"yoast_head":"<!-- This site is optimized with the Yoast SEO plugin v25.6 - https:\/\/yoast.com\/wordpress\/plugins\/seo\/ -->\n<title>le livre - enfin tu regardes l&#039;herbe<\/title>\n<meta name=\"description\" content=\"enfin tu regardes l\u2019herbe (livre + CD) - Fred Griot - \u00e9ditions publie.net\" \/>\n<meta name=\"robots\" content=\"index, follow, max-snippet:-1, max-image-preview:large, max-video-preview:-1\" \/>\n<link rel=\"canonical\" href=\"https:\/\/fgriot.net\/herbe\/le-livre\/\" \/>\n<meta property=\"og:locale\" content=\"fr_FR\" \/>\n<meta property=\"og:type\" content=\"article\" \/>\n<meta property=\"og:title\" content=\"le livre - enfin tu regardes l&#039;herbe\" \/>\n<meta property=\"og:description\" content=\"enfin tu regardes l\u2019herbe (livre + CD) - Fred Griot - \u00e9ditions publie.net\" \/>\n<meta property=\"og:url\" content=\"https:\/\/fgriot.net\/herbe\/le-livre\/\" \/>\n<meta property=\"og:site_name\" content=\"enfin tu regardes l&#039;herbe\" \/>\n<meta property=\"article:modified_time\" content=\"2021-10-06T13:44:56+00:00\" \/>\n<meta property=\"og:image\" content=\"https:\/\/fgriot.net\/herbe\/wp-content\/uploads\/2021\/05\/Griot_herbe-cov-small_w-copie.jpg\" \/>\n\t<meta property=\"og:image:width\" content=\"400\" \/>\n\t<meta property=\"og:image:height\" content=\"691\" \/>\n\t<meta property=\"og:image:type\" content=\"image\/jpeg\" \/>\n<meta name=\"twitter:card\" content=\"summary_large_image\" \/>\n<meta name=\"twitter:label1\" content=\"Dur\u00e9e de lecture estim\u00e9e\" \/>\n\t<meta name=\"twitter:data1\" content=\"4 minutes\" \/>\n<script type=\"application\/ld+json\" class=\"yoast-schema-graph\">{\"@context\":\"https:\/\/schema.org\",\"@graph\":[{\"@type\":\"WebPage\",\"@id\":\"https:\/\/fgriot.net\/herbe\/le-livre\/\",\"url\":\"https:\/\/fgriot.net\/herbe\/le-livre\/\",\"name\":\"le livre - enfin tu regardes l&#039;herbe\",\"isPartOf\":{\"@id\":\"https:\/\/fgriot.net\/herbe\/#website\"},\"primaryImageOfPage\":{\"@id\":\"https:\/\/fgriot.net\/herbe\/le-livre\/#primaryimage\"},\"image\":{\"@id\":\"https:\/\/fgriot.net\/herbe\/le-livre\/#primaryimage\"},\"thumbnailUrl\":\"http:\/\/fgriot.net\/herbe\/wp-content\/uploads\/2021\/05\/Griot_herbe-cov-small_w-copie.jpg\",\"datePublished\":\"2018-07-04T14:08:44+00:00\",\"dateModified\":\"2021-10-06T13:44:56+00:00\",\"description\":\"enfin tu regardes l\u2019herbe (livre + CD) - Fred Griot - \u00e9ditions publie.net\",\"breadcrumb\":{\"@id\":\"https:\/\/fgriot.net\/herbe\/le-livre\/#breadcrumb\"},\"inLanguage\":\"fr-FR\",\"potentialAction\":[{\"@type\":\"ReadAction\",\"target\":[\"https:\/\/fgriot.net\/herbe\/le-livre\/\"]}]},{\"@type\":\"ImageObject\",\"inLanguage\":\"fr-FR\",\"@id\":\"https:\/\/fgriot.net\/herbe\/le-livre\/#primaryimage\",\"url\":\"http:\/\/fgriot.net\/herbe\/wp-content\/uploads\/2021\/05\/Griot_herbe-cov-small_w-copie.jpg\",\"contentUrl\":\"http:\/\/fgriot.net\/herbe\/wp-content\/uploads\/2021\/05\/Griot_herbe-cov-small_w-copie.jpg\",\"width\":400,\"height\":691,\"caption\":\"Griot - enfin tu regardes l'herbe - Livre + CD\"},{\"@type\":\"BreadcrumbList\",\"@id\":\"https:\/\/fgriot.net\/herbe\/le-livre\/#breadcrumb\",\"itemListElement\":[{\"@type\":\"ListItem\",\"position\":1,\"name\":\"Accueil\",\"item\":\"https:\/\/fgriot.net\/herbe\/\"},{\"@type\":\"ListItem\",\"position\":2,\"name\":\"le livre\"}]},{\"@type\":\"WebSite\",\"@id\":\"https:\/\/fgriot.net\/herbe\/#website\",\"url\":\"https:\/\/fgriot.net\/herbe\/\",\"name\":\"enfin tu regardes l&#039;herbe\",\"description\":\"\",\"potentialAction\":[{\"@type\":\"SearchAction\",\"target\":{\"@type\":\"EntryPoint\",\"urlTemplate\":\"https:\/\/fgriot.net\/herbe\/?s={search_term_string}\"},\"query-input\":{\"@type\":\"PropertyValueSpecification\",\"valueRequired\":true,\"valueName\":\"search_term_string\"}}],\"inLanguage\":\"fr-FR\"}]}<\/script>\n<!-- \/ Yoast SEO plugin. -->","yoast_head_json":{"title":"le livre - enfin tu regardes l&#039;herbe","description":"enfin tu regardes l\u2019herbe (livre + CD) - Fred Griot - \u00e9ditions publie.net","robots":{"index":"index","follow":"follow","max-snippet":"max-snippet:-1","max-image-preview":"max-image-preview:large","max-video-preview":"max-video-preview:-1"},"canonical":"https:\/\/fgriot.net\/herbe\/le-livre\/","og_locale":"fr_FR","og_type":"article","og_title":"le livre - enfin tu regardes l&#039;herbe","og_description":"enfin tu regardes l\u2019herbe (livre + CD) - Fred Griot - \u00e9ditions publie.net","og_url":"https:\/\/fgriot.net\/herbe\/le-livre\/","og_site_name":"enfin tu regardes l&#039;herbe","article_modified_time":"2021-10-06T13:44:56+00:00","og_image":[{"width":400,"height":691,"url":"https:\/\/fgriot.net\/herbe\/wp-content\/uploads\/2021\/05\/Griot_herbe-cov-small_w-copie.jpg","type":"image\/jpeg"}],"twitter_card":"summary_large_image","twitter_misc":{"Dur\u00e9e de lecture estim\u00e9e":"4 minutes"},"schema":{"@context":"https:\/\/schema.org","@graph":[{"@type":"WebPage","@id":"https:\/\/fgriot.net\/herbe\/le-livre\/","url":"https:\/\/fgriot.net\/herbe\/le-livre\/","name":"le livre - enfin tu regardes l&#039;herbe","isPartOf":{"@id":"https:\/\/fgriot.net\/herbe\/#website"},"primaryImageOfPage":{"@id":"https:\/\/fgriot.net\/herbe\/le-livre\/#primaryimage"},"image":{"@id":"https:\/\/fgriot.net\/herbe\/le-livre\/#primaryimage"},"thumbnailUrl":"http:\/\/fgriot.net\/herbe\/wp-content\/uploads\/2021\/05\/Griot_herbe-cov-small_w-copie.jpg","datePublished":"2018-07-04T14:08:44+00:00","dateModified":"2021-10-06T13:44:56+00:00","description":"enfin tu regardes l\u2019herbe (livre + CD) - Fred Griot - \u00e9ditions publie.net","breadcrumb":{"@id":"https:\/\/fgriot.net\/herbe\/le-livre\/#breadcrumb"},"inLanguage":"fr-FR","potentialAction":[{"@type":"ReadAction","target":["https:\/\/fgriot.net\/herbe\/le-livre\/"]}]},{"@type":"ImageObject","inLanguage":"fr-FR","@id":"https:\/\/fgriot.net\/herbe\/le-livre\/#primaryimage","url":"http:\/\/fgriot.net\/herbe\/wp-content\/uploads\/2021\/05\/Griot_herbe-cov-small_w-copie.jpg","contentUrl":"http:\/\/fgriot.net\/herbe\/wp-content\/uploads\/2021\/05\/Griot_herbe-cov-small_w-copie.jpg","width":400,"height":691,"caption":"Griot - enfin tu regardes l'herbe - Livre + CD"},{"@type":"BreadcrumbList","@id":"https:\/\/fgriot.net\/herbe\/le-livre\/#breadcrumb","itemListElement":[{"@type":"ListItem","position":1,"name":"Accueil","item":"https:\/\/fgriot.net\/herbe\/"},{"@type":"ListItem","position":2,"name":"le livre"}]},{"@type":"WebSite","@id":"https:\/\/fgriot.net\/herbe\/#website","url":"https:\/\/fgriot.net\/herbe\/","name":"enfin tu regardes l&#039;herbe","description":"","potentialAction":[{"@type":"SearchAction","target":{"@type":"EntryPoint","urlTemplate":"https:\/\/fgriot.net\/herbe\/?s={search_term_string}"},"query-input":{"@type":"PropertyValueSpecification","valueRequired":true,"valueName":"search_term_string"}}],"inLanguage":"fr-FR"}]}},"jetpack_sharing_enabled":true,"jetpack_shortlink":"https:\/\/wp.me\/Pa2ZQw-v","_links":{"self":[{"href":"http:\/\/fgriot.net\/herbe\/wp-json\/wp\/v2\/pages\/31"}],"collection":[{"href":"http:\/\/fgriot.net\/herbe\/wp-json\/wp\/v2\/pages"}],"about":[{"href":"http:\/\/fgriot.net\/herbe\/wp-json\/wp\/v2\/types\/page"}],"author":[{"embeddable":true,"href":"http:\/\/fgriot.net\/herbe\/wp-json\/wp\/v2\/users\/1"}],"replies":[{"embeddable":true,"href":"http:\/\/fgriot.net\/herbe\/wp-json\/wp\/v2\/comments?post=31"}],"version-history":[{"count":43,"href":"http:\/\/fgriot.net\/herbe\/wp-json\/wp\/v2\/pages\/31\/revisions"}],"predecessor-version":[{"id":821,"href":"http:\/\/fgriot.net\/herbe\/wp-json\/wp\/v2\/pages\/31\/revisions\/821"}],"wp:featuredmedia":[{"embeddable":true,"href":"http:\/\/fgriot.net\/herbe\/wp-json\/wp\/v2\/media\/755"}],"wp:attachment":[{"href":"http:\/\/fgriot.net\/herbe\/wp-json\/wp\/v2\/media?parent=31"}],"curies":[{"name":"wp","href":"https:\/\/api.w.org\/{rel}","templated":true}]}}