{"id":33,"date":"2018-07-04T16:08:59","date_gmt":"2018-07-04T14:08:59","guid":{"rendered":"http:\/\/fgriot.net\/herbe\/?page_id=33"},"modified":"2020-02-03T17:57:33","modified_gmt":"2020-02-03T16:57:33","slug":"le-concert","status":"publish","type":"page","link":"http:\/\/fgriot.net\/herbe\/le-concert\/","title":{"rendered":"le concert"},"content":{"rendered":"<h4><em>enfin tu regardes l&rsquo;herbe<\/em><\/h4>\n<h4><strong>le concert<\/strong><\/h4>\n<p><em><br \/>\n<\/em><br \/>\ncr\u00e9ation 2020<br \/>\ntourn\u00e9e en duo (voix &#8211; guitare)<\/p>\n<p><b>Fred Griot<\/b> \u2022 <span style=\"color: #999999;\">textes, voix<\/span><br \/>\n<b>Dani Bouillard <\/b>\u2022 <span style=\"color: #999999;\">compo, guitare<\/span><\/p>\n<p>Po\u00e9sie claire, musique fluide, forme l\u00e9g\u00e8re&#8230;<\/p>\n<p><em>Rarement il m\u2019a \u00e9t\u00e9 donn\u00e9 de lire des po\u00e8mes aussi bruts, simples et profond\u00e9ment tourn\u00e9s vers l\u2019humain-paysage. Alors, sur le plateau, il s\u2019agit d\u2019attention. Une attention qui, si elle se d\u00e9ploie sans contrainte, r\u00e9v\u00e8le une richesse du partage sans pareille.<br \/>\n<strong>enfin tu regardes l\u2019herbe<\/strong>, les yeux ferm\u00e9s j\u2019y vais.<\/em><\/p>\n<p style=\"text-align: right;\"><em>Yan Allegret (conseil sc\u00e9nique)<\/em><\/p>\n<p>&nbsp;<\/p>\n<a class=\"maxbutton-8 maxbutton maxbutton-nous-contacter\" href=\"\/herbe\/contact\/\"><span class='mb-text'>NOUS CONTACTER<\/span><\/a>\n<p>&nbsp;<\/p>\n<a class=\"maxbutton-4 maxbutton maxbutton-le-disque\" href=\"http:\/\/fgriot.net\/herbe\/le-disque\/\"><span class='mb-text'>LE DISQUE<\/span><\/a>\n<p>&nbsp;<\/p>\n<a class=\"maxbutton-6 maxbutton maxbutton-dates-de-concerts\" href=\"http:\/\/fgriot.net\/herbe\/agenda\/\"><span class='mb-text'>DATES CONCERTS<\/span><\/a>\n<p>&nbsp;<\/p>\n<p><strong><a href=\"https:\/\/www.youtube.com\/user\/fredgriot\/videos\" target=\"_blank\" rel=\"noopener noreferrer\">Toutes les vid\u00e9os et albums du groupe<\/a> :<\/strong><\/p>\n<p><em><a href=\"https:\/\/www.youtube.com\/user\/fredgriot\/videos\" target=\"_blank\" rel=\"noopener noreferrer\"><img loading=\"lazy\" decoding=\"async\" class=\"alignnone wp-image-660\" src=\"http:\/\/fgriot.net\/herbe\/wp-content\/uploads\/2019\/10\/mur-videos_w.jpg\" alt=\"\" width=\"578\" height=\"291\" srcset=\"http:\/\/fgriot.net\/herbe\/wp-content\/uploads\/2019\/10\/mur-videos_w.jpg 1000w, http:\/\/fgriot.net\/herbe\/wp-content\/uploads\/2019\/10\/mur-videos_w-300x151.jpg 300w, http:\/\/fgriot.net\/herbe\/wp-content\/uploads\/2019\/10\/mur-videos_w-768x387.jpg 768w, http:\/\/fgriot.net\/herbe\/wp-content\/uploads\/2019\/10\/mur-videos_w-150x76.jpg 150w\" sizes=\"(max-width: 578px) 100vw, 578px\" \/><\/a><\/em><\/p>\n<p>&nbsp;<\/p>\n<p><a href=\"http:\/\/fgriot.net\/herbe\/wp-content\/uploads\/2019\/10\/fred-griot-concert-herbe.jpg\"><img loading=\"lazy\" decoding=\"async\" class=\"alignnone wp-image-651\" src=\"http:\/\/fgriot.net\/herbe\/wp-content\/uploads\/2019\/10\/fred-griot-concert-herbe-300x220.jpg\" alt=\"photo Thomas Deschamps\" width=\"559\" height=\"410\" srcset=\"http:\/\/fgriot.net\/herbe\/wp-content\/uploads\/2019\/10\/fred-griot-concert-herbe-300x220.jpg 300w, http:\/\/fgriot.net\/herbe\/wp-content\/uploads\/2019\/10\/fred-griot-concert-herbe-768x562.jpg 768w, http:\/\/fgriot.net\/herbe\/wp-content\/uploads\/2019\/10\/fred-griot-concert-herbe-1024x749.jpg 1024w, http:\/\/fgriot.net\/herbe\/wp-content\/uploads\/2019\/10\/fred-griot-concert-herbe-150x110.jpg 150w\" sizes=\"(max-width: 559px) 100vw, 559px\" \/><\/a><\/p>\n<p><a href=\"http:\/\/fgriot.net\/herbe\/wp-content\/uploads\/2019\/10\/dani-bouillard-concert-herbe..jpg\"><img loading=\"lazy\" decoding=\"async\" class=\"alignnone wp-image-650\" src=\"http:\/\/fgriot.net\/herbe\/wp-content\/uploads\/2019\/10\/dani-bouillard-concert-herbe.-300x200.jpg\" alt=\"\" width=\"560\" height=\"374\" srcset=\"http:\/\/fgriot.net\/herbe\/wp-content\/uploads\/2019\/10\/dani-bouillard-concert-herbe.-300x200.jpg 300w, http:\/\/fgriot.net\/herbe\/wp-content\/uploads\/2019\/10\/dani-bouillard-concert-herbe.-768x512.jpg 768w, http:\/\/fgriot.net\/herbe\/wp-content\/uploads\/2019\/10\/dani-bouillard-concert-herbe.-1024x683.jpg 1024w, http:\/\/fgriot.net\/herbe\/wp-content\/uploads\/2019\/10\/dani-bouillard-concert-herbe.-150x100.jpg 150w\" sizes=\"(max-width: 560px) 100vw, 560px\" \/><\/a><\/p>\n","protected":false},"excerpt":{"rendered":"<p>enfin tu regardes l&rsquo;herbe le concert cr\u00e9ation 2020 tourn\u00e9e en duo (voix &#8211; guitare) Fred Griot \u2022 textes, voix Dani Bouillard \u2022 compo, guitare Po\u00e9sie claire, musique fluide, forme l\u00e9g\u00e8re&#8230; Rarement il m\u2019a \u00e9t\u00e9 donn\u00e9 de lire des po\u00e8mes aussi bruts, simples et profond\u00e9ment tourn\u00e9s vers l\u2019humain-paysage. Alors, sur le\u2026<\/p>\n<p class=\"continue-reading-button\"> <a class=\"continue-reading-link\" href=\"http:\/\/fgriot.net\/herbe\/le-concert\/\">Lire la suite&#8230;<i class=\"crycon-right-dir\"><\/i><\/a><\/p>\n","protected":false},"author":1,"featured_media":670,"parent":0,"menu_order":0,"comment_status":"closed","ping_status":"closed","template":"","meta":{"jetpack_post_was_ever_published":false,"footnotes":""},"class_list":["post-33","page","type-page","status-publish","has-post-thumbnail","hentry"],"yoast_head":"<!-- This site is optimized with the Yoast SEO plugin v25.6 - https:\/\/yoast.com\/wordpress\/plugins\/seo\/ -->\n<title>le concert - enfin tu regardes l&#039;herbe<\/title>\n<meta name=\"description\" content=\"\ufeff\ufeffle concert - enfin tu regardes l&#039;herbe | Griot - Groleau - Bouillard - Allegret\" \/>\n<meta name=\"robots\" content=\"index, follow, max-snippet:-1, max-image-preview:large, max-video-preview:-1\" \/>\n<link rel=\"canonical\" href=\"https:\/\/fgriot.net\/herbe\/le-concert\/\" \/>\n<meta property=\"og:locale\" content=\"fr_FR\" \/>\n<meta property=\"og:type\" content=\"article\" \/>\n<meta property=\"og:title\" content=\"le concert - enfin tu regardes l&#039;herbe\" \/>\n<meta property=\"og:description\" content=\"\ufeff\ufeffle concert - enfin tu regardes l&#039;herbe | Griot - Groleau - Bouillard - Allegret\" \/>\n<meta property=\"og:url\" content=\"https:\/\/fgriot.net\/herbe\/le-concert\/\" \/>\n<meta property=\"og:site_name\" content=\"enfin tu regardes l&#039;herbe\" \/>\n<meta property=\"article:modified_time\" content=\"2020-02-03T16:57:33+00:00\" \/>\n<meta property=\"og:image\" content=\"https:\/\/fgriot.net\/herbe\/wp-content\/uploads\/2019\/10\/Bandeau-fb-herbenoms_concert.jpg\" \/>\n\t<meta property=\"og:image:width\" content=\"820\" \/>\n\t<meta property=\"og:image:height\" content=\"312\" \/>\n\t<meta property=\"og:image:type\" content=\"image\/jpeg\" \/>\n<meta name=\"twitter:card\" content=\"summary_large_image\" \/>\n<meta name=\"twitter:image\" content=\"http:\/\/fgriot.net\/herbe\/wp-content\/uploads\/2019\/10\/Bandeau-fb-herbenoms_concert.jpg\" \/>\n<meta name=\"twitter:label1\" content=\"Dur\u00e9e de lecture estim\u00e9e\" \/>\n\t<meta name=\"twitter:data1\" content=\"1 minute\" \/>\n<script type=\"application\/ld+json\" class=\"yoast-schema-graph\">{\"@context\":\"https:\/\/schema.org\",\"@graph\":[{\"@type\":\"WebPage\",\"@id\":\"https:\/\/fgriot.net\/herbe\/le-concert\/\",\"url\":\"https:\/\/fgriot.net\/herbe\/le-concert\/\",\"name\":\"le concert - enfin tu regardes l&#039;herbe\",\"isPartOf\":{\"@id\":\"https:\/\/fgriot.net\/herbe\/#website\"},\"primaryImageOfPage\":{\"@id\":\"https:\/\/fgriot.net\/herbe\/le-concert\/#primaryimage\"},\"image\":{\"@id\":\"https:\/\/fgriot.net\/herbe\/le-concert\/#primaryimage\"},\"thumbnailUrl\":\"http:\/\/fgriot.net\/herbe\/wp-content\/uploads\/2019\/10\/Bandeau-fb-herbenoms_concert.jpg\",\"datePublished\":\"2018-07-04T14:08:59+00:00\",\"dateModified\":\"2020-02-03T16:57:33+00:00\",\"description\":\"\ufeff\ufeffle concert - enfin tu regardes l'herbe | Griot - Groleau - Bouillard - Allegret\",\"breadcrumb\":{\"@id\":\"https:\/\/fgriot.net\/herbe\/le-concert\/#breadcrumb\"},\"inLanguage\":\"fr-FR\",\"potentialAction\":[{\"@type\":\"ReadAction\",\"target\":[\"https:\/\/fgriot.net\/herbe\/le-concert\/\"]}]},{\"@type\":\"ImageObject\",\"inLanguage\":\"fr-FR\",\"@id\":\"https:\/\/fgriot.net\/herbe\/le-concert\/#primaryimage\",\"url\":\"http:\/\/fgriot.net\/herbe\/wp-content\/uploads\/2019\/10\/Bandeau-fb-herbenoms_concert.jpg\",\"contentUrl\":\"http:\/\/fgriot.net\/herbe\/wp-content\/uploads\/2019\/10\/Bandeau-fb-herbenoms_concert.jpg\",\"width\":820,\"height\":312},{\"@type\":\"BreadcrumbList\",\"@id\":\"https:\/\/fgriot.net\/herbe\/le-concert\/#breadcrumb\",\"itemListElement\":[{\"@type\":\"ListItem\",\"position\":1,\"name\":\"Accueil\",\"item\":\"https:\/\/fgriot.net\/herbe\/\"},{\"@type\":\"ListItem\",\"position\":2,\"name\":\"le concert\"}]},{\"@type\":\"WebSite\",\"@id\":\"https:\/\/fgriot.net\/herbe\/#website\",\"url\":\"https:\/\/fgriot.net\/herbe\/\",\"name\":\"enfin tu regardes l&#039;herbe\",\"description\":\"\",\"potentialAction\":[{\"@type\":\"SearchAction\",\"target\":{\"@type\":\"EntryPoint\",\"urlTemplate\":\"https:\/\/fgriot.net\/herbe\/?s={search_term_string}\"},\"query-input\":{\"@type\":\"PropertyValueSpecification\",\"valueRequired\":true,\"valueName\":\"search_term_string\"}}],\"inLanguage\":\"fr-FR\"}]}<\/script>\n<!-- \/ Yoast SEO plugin. -->","yoast_head_json":{"title":"le concert - enfin tu regardes l&#039;herbe","description":"\ufeff\ufeffle concert - enfin tu regardes l'herbe | Griot - Groleau - Bouillard - Allegret","robots":{"index":"index","follow":"follow","max-snippet":"max-snippet:-1","max-image-preview":"max-image-preview:large","max-video-preview":"max-video-preview:-1"},"canonical":"https:\/\/fgriot.net\/herbe\/le-concert\/","og_locale":"fr_FR","og_type":"article","og_title":"le concert - enfin tu regardes l&#039;herbe","og_description":"\ufeff\ufeffle concert - enfin tu regardes l'herbe | Griot - Groleau - Bouillard - Allegret","og_url":"https:\/\/fgriot.net\/herbe\/le-concert\/","og_site_name":"enfin tu regardes l&#039;herbe","article_modified_time":"2020-02-03T16:57:33+00:00","og_image":[{"width":820,"height":312,"url":"https:\/\/fgriot.net\/herbe\/wp-content\/uploads\/2019\/10\/Bandeau-fb-herbenoms_concert.jpg","type":"image\/jpeg"}],"twitter_card":"summary_large_image","twitter_image":"http:\/\/fgriot.net\/herbe\/wp-content\/uploads\/2019\/10\/Bandeau-fb-herbenoms_concert.jpg","twitter_misc":{"Dur\u00e9e de lecture estim\u00e9e":"1 minute"},"schema":{"@context":"https:\/\/schema.org","@graph":[{"@type":"WebPage","@id":"https:\/\/fgriot.net\/herbe\/le-concert\/","url":"https:\/\/fgriot.net\/herbe\/le-concert\/","name":"le concert - enfin tu regardes l&#039;herbe","isPartOf":{"@id":"https:\/\/fgriot.net\/herbe\/#website"},"primaryImageOfPage":{"@id":"https:\/\/fgriot.net\/herbe\/le-concert\/#primaryimage"},"image":{"@id":"https:\/\/fgriot.net\/herbe\/le-concert\/#primaryimage"},"thumbnailUrl":"http:\/\/fgriot.net\/herbe\/wp-content\/uploads\/2019\/10\/Bandeau-fb-herbenoms_concert.jpg","datePublished":"2018-07-04T14:08:59+00:00","dateModified":"2020-02-03T16:57:33+00:00","description":"\ufeff\ufeffle concert - enfin tu regardes l'herbe | Griot - Groleau - Bouillard - Allegret","breadcrumb":{"@id":"https:\/\/fgriot.net\/herbe\/le-concert\/#breadcrumb"},"inLanguage":"fr-FR","potentialAction":[{"@type":"ReadAction","target":["https:\/\/fgriot.net\/herbe\/le-concert\/"]}]},{"@type":"ImageObject","inLanguage":"fr-FR","@id":"https:\/\/fgriot.net\/herbe\/le-concert\/#primaryimage","url":"http:\/\/fgriot.net\/herbe\/wp-content\/uploads\/2019\/10\/Bandeau-fb-herbenoms_concert.jpg","contentUrl":"http:\/\/fgriot.net\/herbe\/wp-content\/uploads\/2019\/10\/Bandeau-fb-herbenoms_concert.jpg","width":820,"height":312},{"@type":"BreadcrumbList","@id":"https:\/\/fgriot.net\/herbe\/le-concert\/#breadcrumb","itemListElement":[{"@type":"ListItem","position":1,"name":"Accueil","item":"https:\/\/fgriot.net\/herbe\/"},{"@type":"ListItem","position":2,"name":"le concert"}]},{"@type":"WebSite","@id":"https:\/\/fgriot.net\/herbe\/#website","url":"https:\/\/fgriot.net\/herbe\/","name":"enfin tu regardes l&#039;herbe","description":"","potentialAction":[{"@type":"SearchAction","target":{"@type":"EntryPoint","urlTemplate":"https:\/\/fgriot.net\/herbe\/?s={search_term_string}"},"query-input":{"@type":"PropertyValueSpecification","valueRequired":true,"valueName":"search_term_string"}}],"inLanguage":"fr-FR"}]}},"jetpack_sharing_enabled":true,"jetpack_shortlink":"https:\/\/wp.me\/Pa2ZQw-x","_links":{"self":[{"href":"http:\/\/fgriot.net\/herbe\/wp-json\/wp\/v2\/pages\/33"}],"collection":[{"href":"http:\/\/fgriot.net\/herbe\/wp-json\/wp\/v2\/pages"}],"about":[{"href":"http:\/\/fgriot.net\/herbe\/wp-json\/wp\/v2\/types\/page"}],"author":[{"embeddable":true,"href":"http:\/\/fgriot.net\/herbe\/wp-json\/wp\/v2\/users\/1"}],"replies":[{"embeddable":true,"href":"http:\/\/fgriot.net\/herbe\/wp-json\/wp\/v2\/comments?post=33"}],"version-history":[{"count":61,"href":"http:\/\/fgriot.net\/herbe\/wp-json\/wp\/v2\/pages\/33\/revisions"}],"predecessor-version":[{"id":697,"href":"http:\/\/fgriot.net\/herbe\/wp-json\/wp\/v2\/pages\/33\/revisions\/697"}],"wp:featuredmedia":[{"embeddable":true,"href":"http:\/\/fgriot.net\/herbe\/wp-json\/wp\/v2\/media\/670"}],"wp:attachment":[{"href":"http:\/\/fgriot.net\/herbe\/wp-json\/wp\/v2\/media?parent=33"}],"curies":[{"name":"wp","href":"https:\/\/api.w.org\/{rel}","templated":true}]}}

<h4><em>enfin tu regardes l&rsquo;herbe</em></h4>
<h4><strong>le concert</strong></h4>
<p><em><br />
</em><br />
création 2020<br />
tournée en duo (voix &#8211; guitare)</p>
<p><b>Fred Griot</b> • <span style="color: #999999;">textes, voix</span><br />
<b>Dani Bouillard </b>• <span style="color: #999999;">compo, guitare</span></p>
<p>Poésie claire, musique fluide, forme légère&#8230;</p>
<p><em>Rarement il m’a été donné de lire des poèmes aussi bruts, simples et profondément tournés vers l’humain-paysage. Alors, sur le plateau, il s’agit d’attention. Une attention qui, si elle se déploie sans contrainte, révèle une richesse du partage sans pareille.<br />
<strong>enfin tu regardes l’herbe</strong>, les yeux fermés j’y vais.</em></p>
<p style="text-align: right;"><em>Yan Allegret (conseil scénique)</em></p>
<p>&nbsp;</p>
<a class="maxbutton-8 maxbutton maxbutton-nous-contacter" href="/herbe/contact/"><span class='mb-text'>NOUS CONTACTER</span></a>
<p>&nbsp;</p>
<a class="maxbutton-4 maxbutton maxbutton-le-disque" href="http://fgriot.net/herbe/le-disque/"><span class='mb-text'>LE DISQUE</span></a>
<p>&nbsp;</p>
<a class="maxbutton-6 maxbutton maxbutton-dates-de-concerts" href="http://fgriot.net/herbe/agenda/"><span class='mb-text'>DATES CONCERTS</span></a>
<p>&nbsp;</p>
<p><strong><a href="https://www.youtube.com/user/fredgriot/videos" target="_blank" rel="noopener noreferrer">Toutes les vidéos et albums du groupe</a> :</strong></p>
<p><em><a href="https://www.youtube.com/user/fredgriot/videos" target="_blank" rel="noopener noreferrer"><img loading="lazy" decoding="async" class="alignnone wp-image-660" src="http://fgriot.net/herbe/wp-content/uploads/2019/10/mur-videos_w.jpg" alt="" width="578" height="291" srcset="http://fgriot.net/herbe/wp-content/uploads/2019/10/mur-videos_w.jpg 1000w, http://fgriot.net/herbe/wp-content/uploads/2019/10/mur-videos_w-300x151.jpg 300w, http://fgriot.net/herbe/wp-content/uploads/2019/10/mur-videos_w-768x387.jpg 768w, http://fgriot.net/herbe/wp-content/uploads/2019/10/mur-videos_w-150x76.jpg 150w" sizes="(max-width: 578px) 100vw, 578px" /></a></em></p>
<p>&nbsp;</p>
<p><a href="http://fgriot.net/herbe/wp-content/uploads/2019/10/fred-griot-concert-herbe.jpg"><img loading="lazy" decoding="async" class="alignnone wp-image-651" src="http://fgriot.net/herbe/wp-content/uploads/2019/10/fred-griot-concert-herbe-300x220.jpg" alt="photo Thomas Deschamps" width="559" height="410" srcset="http://fgriot.net/herbe/wp-content/uploads/2019/10/fred-griot-concert-herbe-300x220.jpg 300w, http://fgriot.net/herbe/wp-content/uploads/2019/10/fred-griot-concert-herbe-768x562.jpg 768w, http://fgriot.net/herbe/wp-content/uploads/2019/10/fred-griot-concert-herbe-1024x749.jpg 1024w, http://fgriot.net/herbe/wp-content/uploads/2019/10/fred-griot-concert-herbe-150x110.jpg 150w" sizes="(max-width: 559px) 100vw, 559px" /></a></p>
<p><a href="http://fgriot.net/herbe/wp-content/uploads/2019/10/dani-bouillard-concert-herbe..jpg"><img loading="lazy" decoding="async" class="alignnone wp-image-650" src="http://fgriot.net/herbe/wp-content/uploads/2019/10/dani-bouillard-concert-herbe.-300x200.jpg" alt="" width="560" height="374" srcset="http://fgriot.net/herbe/wp-content/uploads/2019/10/dani-bouillard-concert-herbe.-300x200.jpg 300w, http://fgriot.net/herbe/wp-content/uploads/2019/10/dani-bouillard-concert-herbe.-768x512.jpg 768w, http://fgriot.net/herbe/wp-content/uploads/2019/10/dani-bouillard-concert-herbe.-1024x683.jpg 1024w, http://fgriot.net/herbe/wp-content/uploads/2019/10/dani-bouillard-concert-herbe.-150x100.jpg 150w" sizes="(max-width: 560px) 100vw, 560px" /></a></p>

<p>enfin tu regardes l&rsquo;herbe le concert création 2020 tournée en duo (voix &#8211; guitare) Fred Griot • textes, voix Dani Bouillard • compo, guitare Poésie claire, musique fluide, forme légère&#8230; Rarement il m’a été donné de lire des poèmes aussi bruts, simples et profondément tournés vers l’humain-paysage. Alors, sur le…</p>
<p class="continue-reading-button"> <a class="continue-reading-link" href="http://fgriot.net/herbe/le-concert/">Lire la suite&#8230;<i class="crycon-right-dir"></i></a></p>

<!-- This site is optimized with the Yoast SEO plugin v25.6 - https://yoast.com/wordpress/plugins/seo/ -->
<title>le concert - enfin tu regardes l&#039;herbe</title>
<meta name="description" content="﻿﻿le concert - enfin tu regardes l&#039;herbe | Griot - Groleau - Bouillard - Allegret" />
<meta name="robots" content="index, follow, max-snippet:-1, max-image-preview:large, max-video-preview:-1" />
<link rel="canonical" href="https://fgriot.net/herbe/le-concert/" />
<meta property="og:locale" content="fr_FR" />
<meta property="og:type" content="article" />
<meta property="og:title" content="le concert - enfin tu regardes l&#039;herbe" />
<meta property="og:description" content="﻿﻿le concert - enfin tu regardes l&#039;herbe | Griot - Groleau - Bouillard - Allegret" />
<meta property="og:url" content="https://fgriot.net/herbe/le-concert/" />
<meta property="og:site_name" content="enfin tu regardes l&#039;herbe" />
<meta property="article:modified_time" content="2020-02-03T16:57:33+00:00" />
<meta property="og:image" content="https://fgriot.net/herbe/wp-content/uploads/2019/10/Bandeau-fb-herbenoms_concert.jpg" />
	<meta property="og:image:width" content="820" />
	<meta property="og:image:height" content="312" />
	<meta property="og:image:type" content="image/jpeg" />
<meta name="twitter:card" content="summary_large_image" />
<meta name="twitter:image" content="http://fgriot.net/herbe/wp-content/uploads/2019/10/Bandeau-fb-herbenoms_concert.jpg" />
<meta name="twitter:label1" content="Durée de lecture estimée" />
	<meta name="twitter:data1" content="1 minute" />
<script type="application/ld+json" class="yoast-schema-graph">{"@context":"https://schema.org","@graph":[{"@type":"WebPage","@id":"https://fgriot.net/herbe/le-concert/","url":"https://fgriot.net/herbe/le-concert/","name":"le concert - enfin tu regardes l&#039;herbe","isPartOf":{"@id":"https://fgriot.net/herbe/#website"},"primaryImageOfPage":{"@id":"https://fgriot.net/herbe/le-concert/#primaryimage"},"image":{"@id":"https://fgriot.net/herbe/le-concert/#primaryimage"},"thumbnailUrl":"http://fgriot.net/herbe/wp-content/uploads/2019/10/Bandeau-fb-herbenoms_concert.jpg","datePublished":"2018-07-04T14:08:59+00:00","dateModified":"2020-02-03T16:57:33+00:00","description":"﻿﻿le concert - enfin tu regardes l'herbe | Griot - Groleau - Bouillard - Allegret","breadcrumb":{"@id":"https://fgriot.net/herbe/le-concert/#breadcrumb"},"inLanguage":"fr-FR","potentialAction":[{"@type":"ReadAction","target":["https://fgriot.net/herbe/le-concert/"]}]},{"@type":"ImageObject","inLanguage":"fr-FR","@id":"https://fgriot.net/herbe/le-concert/#primaryimage","url":"http://fgriot.net/herbe/wp-content/uploads/2019/10/Bandeau-fb-herbenoms_concert.jpg","contentUrl":"http://fgriot.net/herbe/wp-content/uploads/2019/10/Bandeau-fb-herbenoms_concert.jpg","width":820,"height":312},{"@type":"BreadcrumbList","@id":"https://fgriot.net/herbe/le-concert/#breadcrumb","itemListElement":[{"@type":"ListItem","position":1,"name":"Accueil","item":"https://fgriot.net/herbe/"},{"@type":"ListItem","position":2,"name":"le concert"}]},{"@type":"WebSite","@id":"https://fgriot.net/herbe/#website","url":"https://fgriot.net/herbe/","name":"enfin tu regardes l&#039;herbe","description":"","potentialAction":[{"@type":"SearchAction","target":{"@type":"EntryPoint","urlTemplate":"https://fgriot.net/herbe/?s={search_term_string}"},"query-input":{"@type":"PropertyValueSpecification","valueRequired":true,"valueName":"search_term_string"}}],"inLanguage":"fr-FR"}]}</script>
<!-- / Yoast SEO plugin. -->
